e second derivative of -3/10*h**5 + 0*h**4 - 1/6*h**3 + 0 + 1/2*h**2 - 2*h. Determine x(1).
-6
Suppose 4*l + l + 4 = 4*p, 0 = -3*p + l + 3. Let d(x) = 10*x**2 + 2*x - 1. What is d(p)?
11
Let o(d) = 0*d**2 - 8*d**3 - 2*d**2 - 1 + 0*d - 2*d. Suppose 5*j = 2*t + 8 - 25, 2*t + 4 = -2*j. Let r(g) = -g**3 + g**2 - g. Let f be r(t). Give o(f).
7
Suppose 0*z = 3*z - 15. Suppose 4*i = -z + 13. Let t(s) = s**2 - 2*s - 1. Determine t(i).
-1
Suppose 2*x + 2 = -3*o, 0 = -o + 10 - 6. Let g(m) = -m**3 - 6*m**2 + 11*m + 5. What is g(x)?
-23
Let a(v) = -2*v + 3. Let f = 0 - 0. Let o be -10*(6/(-15) - f). Determine a(o).
-5
Let n be (0/(-2))/(2/2). Let w(r) = n*r + 4 + 3*r - 2*r. Let q = -64 - -59. Give w(q).
-1
Suppose -4*b - 10 = -5*a + b, -5*b - 10 = 0. Let s(x) = 6*x - 6*x - 5 + a*x - x**2. What is s(0)?
-5
Let p(t) = -20*t**3 + 26*t**2 + 3*t - 8. Let i(g) = -7*g**3 + 9*g**2 + g - 3. Let d(f) = 17*i(f) - 6*p(f). Determine d(3).
-6
Suppose 5*f + 2*a = 53, 3*f + 0*f + 2*a = 31. Let o(j) = j**2 + 3*j - f + 4*j - 6*j. What is o(0)?
-11
Let x(l) be the second derivative of -l**4/12 - 2*l**2 + 5*l. What is x(0)?
-4
Suppose 4 + 8 = 3*m. Let w(a) = a + 0*a - 2 - 2. What is w(m)?
0
Let x(d) = d**3 + 2*d**2 - d - 2. Let t(n) = n**3 - 9*n**2 + 2. Let h be t(9). Let k(o) = 2 - h*o + 7*o - 3*o - 1. Let a be k(-2). Calculate x(a).
-8
Let c(s) be the second derivative of -s**5/20 + s**4/4 + 2*s**3/3 - 2*s**2 - s. Suppose -3 = -5*u + 2*h, -3*u - h + 2 = -2*u. Let q = 4 - u. What is c(q)?
8
Let q(p) be the first derivative of p**4/4 - 2*p**3 - 3*p**2/2 - 3. Let b be q(7). Let h be ((-24)/b)/(2/14). Let j(l) = l + 7. What is j(h)?
1
Suppose -30*t - 16 = -34*t. Let b(a) be the second derivative of 3*a**2 - 1/20*a**5 + 0 - 1/6*a**3 - 2*a + 1/12*a**t. Give b(0).
6
Let w = -1 + 2. Let l(y) = -w - 3 + 0 + 2 - 3*y. What is l(-2)?
4
Let m(s) be the first derivative of 1/3*s**3 - 3/4*s**4 + 6 - 1/2*s**2 + s. Let t be 1 + 0*2/(-4). Determine m(t).
-2
Let c(b) = -3*b**2 - 7*b + 19. Let r(a) = 4*a**2 + 6*a - 20. Let m(i) = -5*c(i) - 4*r(i). Determine m(10).
-5
Suppose 2*x + 1 = x. Let h = 5 + -3. Let t(y) = 3*y**2 + y**h + 6*y**3 - 1 + 0*y**3 - 2*y**2. What is t(x)?
-5
Let q(j) be the third derivative of j**8/20160 + j**7/1008 - j**6/240 + j**5/20 - 2*j**2. Let d(g) be the third derivative of q(g). Determine d(-5).
-3
Let d(t) = t - 17. Let g(l) = 2. Let s(x) = -2*d(x) - 18*g(x). Let y(u) = -7*u - 9. Let w(j) = 9*s(j) - 2*y(j). Let a be (2/5)/((-2)/10). Give w(a).
8
Let h(j) = -j + 3. Let b be (1 - 1)/(0 + 2). Suppose 4*f + b*f = 0. Suppose -2*k + 6 = -f*k. Calculate h(k).
0
Let g(t) = -9*t - 60. Let i be g(-6). Let q(j) = 3 - 2 - 2 - j. What is q(i)?
5
Let x(n) = 7*n**2 - 8*n + 10. Let r(i) = 3*i**2 - 4*i + 5. Let u(y) = -5*r(y) + 2*x(y). Let p = -9 - -23. Let l = p + -10. Calculate u(l).
-5
Let q(k) be the third derivative of -k**6/120 - k**5/10 - 7*k**4/24 + k**3/6 + 11*k**2. What is q(-5)?
11
Let t be (-4)/(-10) + (-336)/40. Let p(i) = i + 8. Determine p(t).
0
Suppose -2*c + 1 = -0*c + 3*a, -4 = c - 3*a. Let q(j) = -2*j - j + 2*j. What is q(c)?
1
Let n(k) = k**3 + 6*k**2 + 2*k - 2. Suppose 5*i + 6*v = 2*v - 22, i = -v - 4. Give n(i).
-14
Let o(l) = -l**2 - 7*l + 1. Suppose 2*j = 7*j + 2*f + 30, -5*f = 0. What is o(j)?
7
Let k(p) = p - 5. Let h(y) = y - 7. Let w(j) = 5*h(j) - 7*k(j). Suppose 6 + 4 = 5*n. Let z = n + -1. Calculate w(z).
-2
Suppose -5*l - 13 = 4*z, 5*z - 2*l - 19 = 6. Let r(g) be the second derivative of -g**4/12 + 5*g**3/6 - 3*g**2/2 + 2*g - 43. Determine r(z).
3
Let i(u) be the first derivative of u**2/2 - 5*u + 7. Determine i(-4).
-9
Let d(n) be the second derivative of -n**6/120 - n**5/20 - n**4/24 - n**3/6 - n**2 - n. Let w(t) be the first derivative of d(t). Determine w(-2).
-3
Suppose 0 = -4*i + 7 + 1. Let v = -1 + i. Let j(l) be the third derivative of l**5/10 - 15*l**2. Determine j(v).
6
Suppose -y - 4*y = c + 3, 0 = 5*c - 4*y - 43. Let a(i) = 11*i - 6. Let f(j) = -12*j + 7. Let q(b) = c*a(b) + 6*f(b). Determine q(-1).
-5
Let q(g) = g**2 - 8*g + 7. Let d = 41 + -33. Give q(d).
7
Let l = 7 - 5. Let o(a) = 4 + 11*a + 0 - a**3 + a**2 + 0*a**l - 10*a. Determine o(0).
4
Let i(r) be the first derivative of -4*r**2 + r - 21. What is i(1)?
-7
Let h(u) be the third derivative of -u**6/120 - u**5/15 + 7*u**4/24 + 7*u**3/6 + 12*u**2. Determine h(-5).
-3
Let o(q) = -q + 1. Let w be o(-1). Let u(y) = 0*y - y**2 + 3*y**2 + y - y**w - y**3 - 1. Give u(2).
-3
Let y(s) = -s**2 - 8*s - 7. Let j be y(-6). Suppose f - 9 = -4, -5*f = -j*x - 20. Let z(q) = 5*q**3 - 2*q**2 + 2*q - 1. Determine z(x).
4
Let h(a) be the first derivative of -a**4/4 - 2*a**3/3 + 3*a**2/2 + 3*a - 1. Let m be (-1)/3 + 2/(-3). Let j(x) = 4*x**3 + x**2. Let l be j(m). Determine h(l).
3
Let d be (0 + -3 - -3)/1. Let v(j) = j + 10. Calculate v(d).
10
Let b(s) = 3*s + 1. Let n(h) = -h. Let w(r) = -2*b(r) - 7*n(r). Give w(-4).
-6
Let b(y) = 47*y**3 - y**2 - 3*y - 2 + 6*y**2 - 48*y**3. What is b(4)?
2
Let m(n) be the second derivative of -n**6/720 - n**5/20 - n**4/6 - 4*n. Let g(h) be the third derivative of m(h). Give g(6).
-12
Let j(x) = 2*x - 1. Suppose -7 = -3*g + 2*u, -u + 1 = g + 2*g. Determine j(g).
1
Let l(j) = -2*j + 4. Let h = -2 + -8. Let o = 14 + h. Calculate l(o).
-4
Let f(t) = -t**2 - 4*t - 2. Let i(l) = l**2 + 5*l + 3. Let k(w) = -7*f(w) - 6*i(w). Suppose 4 = -5*q - 6. Let r be q/(-8) - (-30)/8. Give k(r).
4
Let h(s) be the second derivative of -1/3*s**3 + 0 + s - 9/2*s**2. What is h(-6)?
3
Let b(m) be the third derivative of 1/24*m**4 - 1/6*m**3 + 0 + 0*m - 3*m**2. Let i = 6 - 2. Give b(i).
3
Let u(s) be the second derivative of s**4/4 - s**3/3 + 3*s**2/2 - 12*s. Determine u(2).
11
Let o(g) = -g - 13. Let l be o(-11). Suppose 0 = -2*r + 8 - 2. Let p(z) = 5 + z**r - z - 3 + z**2 + 0. Calculate p(l).
0
Let m(c) be the third derivative of 0*c + 1/24*c**4 + 1/60*c**5 - 3*c**2 - 5/6*c**3 + 0. What is m(-4)?
7
Let b(o) be the second derivative of 1/10*o**5 + 0 + 0*o**4 - 4*o - 1/2*o**2 - 1/6*o**3. Let d = 0 - 1. What is b(d)?
-2
Suppose 6 = -2*m - 3*l, -2*m = -4*m - 4*l - 10. Let f(k) = 1 - 3*k**m + 2*k + 2*k**2 - 2*k**3 + 6*k**3. Let q = 74 + -76. What is f(q)?
-3
Let u be ((-2)/(-3))/(6/18). Let z(d) = -9*d + 3*d - d**2 + 5*d - u*d**2 + d**3. Suppose 4*j = -4*b + 32, 5*b = -4*j + 2*b + 27. What is z(j)?
-3
Let s(l) be the first derivative of 4/3*l**3 - 3*l + 0*l**2 - 1 - 1/4*l**4. What is s(3)?
6
Let k(i) = -i**2 + i + 1. Let p(o) = 4*o**2 - 10*o + 1. Let q(l) = -3*k(l) - p(l). Determine q(5).
6
Let i be 0 - 3/((-6)/10). Let v = -10 + i. Let m(b) = b**2 + 7*b + 4. Give m(v).
-6
Let j(b) = 3*b + 5. Let w(a) = -8*a - 15. Let i(f) = 11*j(f) + 4*w(f). Give i(5).
0
Suppose 2*v + 5 = -3*a + v, 2*v + 10 = -5*a. Let m(f) = -f**2 + 4. Calculate m(a).
4
Let j = 8 - 3. Let k(m) = -3*m**2 - 2 + 2*m**2 - m + j*m. Suppose 4*s - 6 - 14 = 0. Calculate k(s).
-7
Let p be 8/(-6)*(-6)/(-4). Let i(t) = t - 1. Let r(s) = -2*s + 2. Let y(n) = 7*i(n) + 3*r(n). Give y(p).
-3
Let u(h) be the second derivative of -h**3/6 - 3*h**2 + 2*h. Suppose -2*b + 8 = -7*b - 3*g, 0 = 5*b - 4*g + 1. Let i = 1 + b. Determine u(i).
-6
Let h(r) = -r - 223 + 0*r + 218. What is h(-5)?
0
Let z be (9/6)/((-3)/8). Let q(w) = 0 + 23*w - 26*w - w**2 + 1. What is q(z)?
-3
Let c be ((-4)/(-1))/(2/6). Let q be c + (2 - (0 - -2)). Let a = 8 - q. Let b(k) = k + 2. Determine b(a).
-2
Let w(y) = -y**2 + 2*y + 5. Let u be 72/(5/2 + -1). Let p be ((-3)/2)/((-18)/u). Give w(p).
-3
Let k(x) be the third derivative of -x**6/120 + 7*x**5/60 - 3*x**4/8 + x**3/2 + 10*x**2. Give k(6).
-15
Let b(a) = -3 + 0 - a + 2. Let q be b(3). Let g(j) = j**3 + 5*j**2 + 6*j + 1. Give g(q).
-7
Let r(z) = -z - 8. Let q be (5/(-1))/(-4 - -5). Calculate r(q).
-3
Let f(c) = 2*c - 4. Let u be f(4). Let h(g) = g**2 - 3 + u - 3. Let t(i) = -i**2 - 4*i + 3. Let d be t(-4). Determine h(d).
7
Suppose 3*t = 5*j + 11, 0 = t - 6*j + j - 7. Let n(c) = 4*c - 7 + c**2 + c + 0*c**t. Give n(-6).
-1
Let g be 5 + (-2 + 2 - 1). Let c(y) be the first derivative of -y**5/60 + y**4/12 + y**3/3 - y**2 - 2. Let r(i) be the second derivative of c(i). Give r(g).
-6
Suppose -4*y + y + 3 = 0. Let b(d) = -3*d**3 - d**2. Calculate b(y).
-4
Let c = -5 - -3. Let y(s) be the second derivative of -s**6/360 - s*